 + 31. Give d(1).
8
Let h(b) = 98*b - 619. Determine h(6).
-31
Let y(g) = 54*g**3 - g**2 - 6*g - 5. What is y(-1)?
-54
Let g(y) = -28*y + 1104. Calculate g(42).
-72
Let a(y) = -2*y**3 + 12*y**2 + 5*y - 57. Give a(6).
-27
Let s(n) = -7*n**2 + 292*n + 19. Calculate s(44).
-685
Let m(t) = t**2 - 269*t - 12135. What is m(-39)?
-123
Let i(w) = 34*w - 326. Calculate i(9).
-20
Let g(y) = -y**2 + 90*y + 9888. Calculate g(-64).
32
Let s(d) = -d**3 + 27*d**2 + 158*d + 52. Give s(32).
-12
Let l(d) = d**3 - 72*d**2 + 670*d + 62. What is l(61)?
1
Let f(k) = k**3 + 14*k**2 - 70*k - 64. What is f(-18)?
-100
Let u(o) = -11*o**2 - 6*o. Calculate u(2).
-56
Let c(q) = q**3 + 43*q**2 + 265*q - 63. Calculate c(-8).
57
Let r(u) = -3*u**3 - 2*u**2 - 17*u + 101. Calculate r(0).
101
Let q(v) = 2*v**3 - 13*v**2 + 19*v - 91. What is q(6)?
-13
Let z(f) = -f**3 + 14*f**2 - 8*f + 116. What is z(14)?
4
Let z(m) = -m**3 + 9*m**2 - 20*m + 9. Calculate z(8).
-87
Let d(i) = -3*i**3 - 72*i**2 - 210*i - 7. Give d(-3).
56
Let o(c) = 2*c**2 - 189*c - 602. Give o(98).
84
Let i(q) = -2*q**2 + 297*q + 1209. Determine i(-4).
-11
Let i(a) = -6*a**2 + 248*a + 159. Give i(42).
-9
Let f(g) = -3*g**2 + 129*g + 270. Give f(45).
0
Let b(p) = 16*p + 311. Determine b(-26).
-105
Let m(z) = -87*z + 47. What is m(-5)?
482
Let b(x) = -41*x - 1166. What is b(-38)?
392
Let v(n) = n**2 + 17*n + 67. What is v(-7)?
-3
Let z(o) = o**3 + 60*o**2 + 151*o - 1158. Calculate z(-57).
-18
Let m(w) = -103*w - 2267. What is m(-22)?
-1
Let v(p) = -76*p + 95. Give v(0).
95
Let z(y) = y**3 + 226*y**2 - 489*y - 7531. Determine z(-228).
-7
Let k(y) = -13*y - 741. What is k(-59)?
26
Let t(m) = 3*m**3 + 2*m**2 + 3*m + 10. What is t(-3)?
-62
Let m(a) = 195*a + 3107. Calculate m(-16).
-13
Let g(x) = 1969*x + 1956. What is g(-1)?
-13
Let x(c) = -6*c**2 - 20*c - 8. What is x(-4)?
-24
Let n(t) = -21*t**2 + 9*t - 5. Give n(2).
-71
Let k(z) = -22*z**3 + 189*z**2 + 12*z - 16. Calculate k(9).
-637
Let l(y) = 2*y**3 - 12*y**2 - 3. Calculate l(5).
-53
Let x(i) = -243*i + 709. Calculate x(3).
-20
Let c(p) = -37*p + 38. Calculate c(-6).
260
Let h(f) = 2*f**2 - 34*f - 24. Give h(18).
12
Let p(v) = 35*v**3 - 15*v - 14. Give p(-1).
-34
Let a(j) = 54*j + 752. Calculate a(-14).
-4
Let r(n) = 48*n + 2014. Give r(-46).
-194
Let q(k) = -k**3 - 63*k**2 - 67*k - 265. Determine q(-62).
45
Let g(t) = t**2 + 31*t + 169. Calculate g(-21).
-41
Let o(r) = -r**3 + 41*r**2 - 404*r - 83. Determine o(24).
13
Let u(b) = 68*b + 177. Determine u(-4).
-95
Let j(q) = -q**2 - 39*q - 114. Determine j(-33).
84
Let s(q) = -5*q + 10. Determine s(-1).
15
Let l(c) = 21*c + 55. Give l(-2).
13
Let x(u) = -2*u**3 - 94*u**2 - 6*u - 287. What is x(-47)?
-5
Let h(j) = -j**3 - 30*j**2 - 79*j + 49. Calculate h(-27).
-5
Let y(k) = 18*k - 130. What is y(7)?
-4
Let p(x) = -46*x + 11867. Calculate p(258).
-1
Let n(z) = 6*z + 59. Give n(-17).
-43
Let a(q) = q**3 + 38*q**2 + 44*q + 175. What is a(-37)?
-84
Let o(x) = 17*x**2 - 5*x + 8. What is o(2)?
66
Let c(i) = 5*i**2 - 16*i + 63. Give c(4).
79
Let b(n) = -3*n**2 - 4*n + 15. Calculate b(-4).
-17
Let a(h) = -2*h**3 - 40*h**2 - 177*h - 58. Give a(-17).
1217
Let l(h) = -3*h**2 + 290*h + 1234. Calculate l(101).
-79
Let a(z) = 7*z**2 - 17*z + 23. Give a(3).
35
Let z(d) = -2*d**2 + 33*d + 93. Give z(18).
39
Let w(r) = 117*r - 2378. Give w(20).
-38
Let a(v) = -v**3 + 65*v**2 - 595*v + 23. Determine a(11).
12
Let j(i) = i**2 - 66*i + 367. Calculate j(58).
-97
Let b(s) = -6*s**2 + 112*s - 530. What is b(11)?
-24
Let b(p) = -68*p**2 + 69*p + 146. Give b(-2).
-264
Let n(d) = 625*d + 3077. Determine n(-5).
-48
Let u(x) = -5*x**2 - 2325*x - 2327. Calculate u(-1).
-7
Let k(s) = 121*s + 1241. Determine k(-8).
273
Let u(h) = h**3 + 16*h**2 - 2437*h - 60. Calculate u(-58).
-2
Let r(n) = n**3 + 11*n**2 - 7*n + 58. Determine r(-12).
-2
Let g(w) = -12*w**2 - 362*w - 55. What is g(-30)?
5
Let k(s) = 8430*s + 50570. Calculate k(-6).
-10
Let r(k) = -2819*k - 138132. What is r(-49)?
-1
Let v(o) = -11*o**2 - 1266*o + 1158. What is v(-116)?
-2
Let g(d) = 25*d**2 + 145*d - 5. Calculate g(-7).
205
Let v(r) = -91*r**2 + 6*r + 7. Calculate v(-1).
-90
Let x(d) = 263*d + 1924. Determine x(-8).
-180
Let j(d) = -26*d + 28. Calculate j(1).
2
Let q(z) = 11983*z + 35968. Determine q(-3).
19
Let i(v) = 52*v + 122. Give i(-5).
-138
Let j(t) = -11*t**2 + 178*t - 27. Determine j(18).
-387
Let a(u) = -368*u + 2193. What is a(6)?
-15
Let q(m) = m**2 + 15*m - 167. What is q(14)?
239
Let m(d) = -d**3 - 9*d**2 - 66*d - 190. Determine m(-4).
-6
Let p(v) = -v**2 - 1454*v + 2908. Calculate p(2).
-4
Let u(v) = 2*v**2 - 14*v - 53. Give u(11).
35
Let r(o) = -3*o**3 - 185*o**2 + 67*o + 338. Calculate r(-62).
28
Let l(p) = p**3 - 7*p**2 + 31*p - 151. What is l(6)?
-1
Let f(t) = t**2 - 90*t + 1063. Determine f(76).
-1
Let l(p) = 163*p + 541. Calculate l(-3).
52
Let d(w) = -4*w**2 - 316*w + 676. Determine d(-81).
28
Let y(z) = -28*z**2 + 23*z - 1. Give y(1).
-6
Let j(t) = t**2 + 288*t - 2086. Determine j(7).
-21
Let v(f) = -f**3 - 37*f**2 - 101*f + 34. Give v(-34).
0
Let t(d) = -228*d + 1490. Give t(6).
122
Let g(p) = -2*p**2 + 44*p + 868. Determine g(-13).
-42
Let c(x) = 3*x**3 - 36*x**2 - x - 21. Determine c(12).
-33
Let f(x) = 10*x**2 - 261*x + 279. What is f(25)?
4
Let h(j) = 45*j**2 + 231*j + 29. Determine h(-5).
-1
Let n(d) = -3*d + 169. What is n(37)?
58
Let u(a) = 31*a**3 - 130*a**2 + 19*a + 22. What is u(4)?
2
Let c(g) = 37*g**3 - 2*g**2 + 3. What is c(1)?
38
Let a(h) = 24*h**3 - 92*h**2 + 91*h - 1. What is a(1)?
22
Let r(a) = a**3 - 13*a**2 + 42*a + 37. What is r(6)?
37
Let w(k) = -k**3 + 2*k**2 + 37*k + 7. What is w(-5)?
-3
Let r(c) = -2*c**3 + c**2 + 59*c + 156. Determine r(-3).
42
Let h(v) = -v**3 - v**2 - 19*v - 69. Determine h(-3).
6
Let y(d) = 121*d + 1323. Calculate y(-11).
-8
Let n(z) = z**2 + 177*z - 1878. Determine n(10).
-8
Let n(y) = -83*y - 540. Determine n(-7).
41
Let y(h) = h**2 - 40*h - 4085. Give y(-47).
4
Let w(y) = -y**3 - 17*y**2 - 18*y - 32. Give w(-16).
0
Let d(q) = -216*q**3 + 1294*q**2 + 13*q + 2. Determine d(6).
8
Let m(d) = -d**3 + 14*d**2 - 27*d + 380. Calculate m(14).
2
Let n(j) = j**2 - 15*j - 138. What is n(26)?
148
Let p(a) = -a**2 + 1423*a + 20093. Give p(-14).
-25
Let o(q) = 2*q**3 + 21*q**2 + 11*q + 17. Give o(-7).
283
Let j(h) = 2*h**2 - 39*h - 59. What is j(20)?
-39
Let x(j) = j**3 + 43*j**2 - 55*j + 1562. What is x(-45)?
-13
Let w(r) = -r**3 + 24*r**2 + 28*r - 30. What is w(25)?
45
Let l(v) = 49*v - 80. Calculate l(1).
-31
Let g(j) = -108*j - 7755. Calculate g(-72).
21
Let a(f) = 21392*f + 64164. Give a(-3).
-12
Let h(c) = 37*c - 56. Give h(21).
721
Let i(y) = 38*y + 157. Calculate i(-4).
5
Let d(u) = -71*u**2 - 7*u - 27. What is d(-4)?
-1135
Let h(t) = -12*t + 76. What is h(11)?
-56
Let m(s) = 11*s - 691. What is m(5)?
-636
Let q(u) = u**2 - 59*u + 881. Calculate q(15).
221
Let a(m) = -86*m + 83. Give a(-2).
255
Let v(w) = w**3 - 24*w**2 + 135*w + 20. What is v(10)?
-30
Let t(b) = 2*b**3 - 27*b**2 + 7*b + 61. Give t(13).
-17
Let u(b) = 455*b - 5009. What is u(11)?
-4
Let y(t) = -6*t**3 - 7*t + 11. Calculate y(2).
-51
Let z(h) = -2*h**3 + 12*h**2 + 7. Give z(6).
7
Let w(m) = m**3 + 18*m**2 + 31*m - 24. What is w(-15)?
186
Let v(z) = 93*z**2 + 74*z - 75. What is v(1)?
92
Let t(y) = -143*y - 1891. Calculate t(-13).
-32
Let p(w) = w**3 + 16*w**2 + 55*w + 22. Give p(-4).
-6
Let o(s) = 452*s + 5423. What is o(-12)?
-1
Let d(q) = -3742*q - 22443. Calculate d(-6).
9
Let u(c) = -25*c**3 + 404*c**2 - 64*c + 6. Give u(16).
6
Let w(x) = -4*x**3 + 194*x**2 + 98*x - 7. Calculate w(49).
-7
Let w(g) = 2*g**3 - 21*g**2 + 7*g + 50. Determine w(10).
20
Let b(f) = -156*f - 1272. Determine b(-7).
-180
Let p(h) = -4*h**2 + 779*h + 6473. Determine p(-8).
-15
Let n(l) = -l**2 + 6*l + 64. Give n(-6).
-8
Let n(b) = -11*b**2 - 48*b - 12. Calculate n(-4).
4
Let a(b) = -17*b - 1337. Determine a(-73).
-96
Let v(t) = 3*t**2 - 77*t + 382. Calculate v(19).
2
Let z(x) = x**3 - 44*x**2 - 196*x - 4. Calculate z(-4).
12
Let k(g) = -5*g**3 + 28*g**2 + 21*g - 3. Give k(6).
51
Let a(m) = -1701*m + 25515. Give a(15).
0
Let u(t) = 14*t**2 - 3*t - 1. Determine u(1).
10
Let c(m) = -10*m**3 + 2*m**2 - 2. Calculate c(1).
-10
Let g(z) = 3*z + 279. Calculate g(-6).
261
Let o(